03)?
-6
Let x(p) = p**2 + 257*p - 19404. What is x(61)?
-6
Let c(j) = 19*j - 229. Determine c(17).
94
Let t(i) = -1140*i + 410400. Determine t(360).
0
Let s(w) = -30*w**2 - 368*w - 134. Determine s(-12).
-38
Let c(r) = 30*r - 41. Give c(8).
199
Let t(p) = -15*p**2 + 60*p - 188. Calculate t(4).
-188
Let z(s) = -s**2 - 408*s + 1243. What is z(3)?
10
Let t(m) = -567*m + 4533. Determine t(8).
-3
Let o(c) = 6*c**3 + 79*c**2 + 209*c + 190. Calculate o(-10).
0
Let w(j) = -4*j - 65. Determine w(-28).
47
Let n(o) = 2*o**3 - 54*o**2 + 2*o - 64. What is n(27)?
-10
Let r(w) = -55*w + 1039. What is r(19)?
-6
Let o(u) = -2*u**3 + 109*u**2 - 209*u - 2. Determine o(2).
0
Let o(f) = -45*f - 4164. Give o(-93).
21
Let q(y) = -27*y + 863. Calculate q(18).
377
Let k(q) = -q**3 - 6*q**2 - 402*q - 1986. Determine k(-5).
-1
Let j(g) = 2*g**2 - 44*g + 31. What is j(21)?
-11
Let z(w) = -w**3 + 99*w**2 - 6*w + 598. Give z(99).
4
Let f(g) = -6*g**3 - 91*g**2 - 19*g + 22. Calculate f(-15).
82
Let j(t) = -302*t - 9357. Give j(-31).
5
Let z(h) = -h**3 - 9*h**2 - 25*h + 48. Calculate z(-6).
90
Let x(i) = -31*i - 14. What is x(4)?
-138
Let j(z) = -z**3 - 11*z**2 - 8*z - 6. Determine j(-9).
-96
Let z(j) = -j**3 + 180*j**2 - 7660*j + 63. Calculate z(69).
-6
Let b(g) = -2*g**3 + 7*g**2 + 8*g + 7. What is b(5)?
-28
Let h(q) = -29*q**2 - 2*q + 24. Determine h(0).
24
Let k(j) = -5*j**2 - 2*j. Give k(2).
-24
Let l(h) = -h**3 + 94*h**2 + 136*h - 12782. Give l(94).
2
Let z(m) = -4*m**3 - 2*m**2 - 5*m - 57. Calculate z(-5).
418
Let y(p) = -12*p**3 + 170*p**2 - 8*p + 8. Give y(14).
288
Let n(k) = -95*k**2 - 2088*k + 48. Calculate n(-22).
4
Let v(a) = a**3 - 3*a**2 - 479*a + 970. Calculate v(2).
8
Let j(d) = -d**2 + 150*d + 5613. Determine j(-31).
2
Let m(c) = -3*c**2 - 159*c - 165. Give m(-52).
-9
Let u(n) = -n**3 - 15*n**2 + 15*n + 473. Determine u(-14).
67
Let r(o) = o**3 - 2*o**2 - 98*o + 2. Calculate r(-9).
-7
Let n(q) = -q**2 - 44*q + 122. Determine n(-41).
245
Let g(u) = u**2 - 10*u + 86. Give g(10).
86
Let o(w) = 5*w**2 - 22*w + 23. Determine o(3).
2
Let l(o) = 63*o + 38. Determine l(-1).
-25
Let f(m) = -3*m**2 - 237*m + 254. Calculate f(-80).
14
Let u(w) = 77*w**2 + 970*w - 970. What is u(1)?
77
Let o(x) = -x**2 - 3*x + 43. Determine o(-13).
-87
Let j(h) = 4*h + 23. Give j(-17).
-45
Let o(a) = 502*a - 1026. Give o(2).
-22
Let d(w) = -w**3 - 106*w**2 - 964*w - 390. Determine d(-96).
-6
Let m(f) = 5981*f + 29912. Give m(-5).
7
Let v(l) = -l**3 + 11*l + 20. Give v(9).
-610
Let n(f) = -f - 22. What is n(35)?
-57
Let v(m) = 10*m**2 - 152*m + 46. Determine v(15).
16
Let g(y) = -2*y**3 + 29*y**2 + 490*y - 7. Determine g(-10).
-7
Let m(l) = 4*l**3 - 6401*l**2 + 12800*l - 2. Determine m(2).
26
Let q(l) = -l**2 + 27*l + 3934. Calculate q(-51).
-44
Let o(i) = -207*i**3 - 7*i**2 + i + 7. Calculate o(-1).
206
Let n(l) = l**3 + 7*l**2 + 1684*l + 11791. Give n(-7).
3
Let p(u) = -4*u**3 - 10*u**2 - 46*u - 84. Calculate p(-2).
0
Let o(z) = -3*z**3 + 3*z**2 - 17*z + 79. Calculate o(4).
-133
Let z(t) = t**3 - 5*t**2 - 140*t + 1208. Calculate z(-13).
-14
Let i(w) = -w**3 - 127*w**2 - w + 12. Determine i(0).
12
Let q(z) = -z**2 - 32*z - 187. Give q(-10).
33
Let w(y) = -4*y**3 - 13*y**2 - 10*y - 14. Calculate w(-5).
211
Let v(z) = 2*z**3 + 21*z**2 + 16*z + 5. Calculate v(-4).
149
Let x(r) = -6*r**2 + 12*r + 97. Determine x(-4).
-47
Let o(i) = -5*i**2 + 4*i + 3. Determine o(-4).
-93
Let o(q) = -q**3 - 5*q**2 + 39*q + 180. Give o(-5).
-15
Let x(z) = z**3 + 3*z**2 - 208*z - 425. Determine x(-2).
-5
Let z(b) = -b**3 - 65*b**2 + 505*b - 17. Calculate z(-72).
-89
Let l(b) = b**3 + 14*b**2 + 24*b - 4. Give l(-11).
95
Let m(w) = -55*w**3 - w**2 + w + 3. Calculate m(-1).
56
Let a(g) = g**2 + 32*g + 89. Calculate a(-8).
-103
Let n(b) = 2*b**2 - 12*b - 161. Determine n(-6).
-17
Let v(o) = 2*o**3 + 11*o**2 + 42*o - 11. What is v(-4)?
-131
Let n(h) = 2*h**2 + 146*h + 3. Give n(-73).
3
Let g(y) = 236*y + 46722. Give g(-198).
-6
Let p(t) = 16*t + 98. Give p(-10).
-62
Let p(x) = -924*x - 4606. Determine p(-5).
14
Let o(z) = 11415*z - 342448. Give o(30).
2
Let w(g) = -20*g - 81. Determine w(-2).
-41
Let j(q) = -q**2 + 101*q + 2575. Give j(-21).
13
Let c(u) = -584*u + 2944. What is c(5)?
24
Let j(h) = 32*h + 428. What is j(-6)?
236
Let r(u) = u**2 - 48*u + 62. What is r(48)?
62
Let w(y) = -y**3 + 11*y**2 - 26*y + 78. Calculate w(9).
6
Let g(q) = -216*q**3 + q**2 + q. Determine g(-1).
216
Let l(b) = 20*b - 77. What is l(11)?
143
Let o(s) = -s**2 + 10*s + 187. Calculate o(-7).
68
Let t(h) = h**2 - 67*h + 71. What is t(60)?
-349
Let m(f) = 2*f**3 + 68*f**2 + 191*f + 40. What is m(-31)?
-115
Let u(g) = -2*g**2 + 36*g - 65. Determine u(13).
65
Let y(w) = w**2 + 33*w - 686. Give y(-47).
-28
Let d(a) = -a**3 + 17*a**2 - 6*a - 10. Give d(16).
150
Let w(p) = 3*p**3 + 34*p**2 + 10*p - 29. Give w(-11).
-18
Let b(v) = -2*v - 1288. Give b(-22).
-1244
Let y(u) = 2*u**3 - 14*u**2 + 29*u - 22. Determine y(4).
-2
Let f(h) = h**3 + 26*h**2 + 58*h + 330. Determine f(-24).
90
Let i(n) = n**3 + 9*n**2 - n - 25. What is i(-9)?
-16
Let r(x) = -4991*x + 74871. Determine r(15).
6
Let n(u) = -u**3 + 26*u**2 - 85*u + 10. What is n(3)?
-38
Let k(z) = 3*z**2 + 484*z - 2883. Determine k(6).
129
Let s(x) = 3*x**2 + 116*x + 1098. Calculate s(-17).
-7
Let d(i) = i**2 + 34*i + 114. Determine d(-33).
81
Let i(o) = 12*o**2 + 350*o + 32. Give i(-29).
-26
Let d(h) = h**3 - 171*h**2 + 1441*h + 2757. Calculate d(162).
3
Let g(j) = 2*j**2 - 129*j - 14213. Calculate g(-58).
-3
Let w(k) = 140*k + 97. Calculate w(2).
377
Let q(u) = -u**2 + 247*u + 2548. Calculate q(-10).
-22
Let o(c) = c**2 - 16*c + 36. Give o(7).
-27
Let t(z) = 34*z - 437. Give t(15).
73
Let y(h) = 2*h**3 - 108*h**2 + 109*h - 75. Calculate y(53).
84
Let a(p) = 512*p - 2045. What is a(4)?
3
Let d(c) = -2*c**2 + 56*c + 326. Give d(33).
-4
Let x(z) = 13*z**3 - 3*z**2 + 3*z - 9. What is x(1)?
4
Let m(q) = 46*q + 23. What is m(5)?
253
Let d(m) = 2*m**3 - m**2 - 7*m - 8. Calculate d(5).
182
Let y(r) = -r**2 - 9*r + 366. What is y(14)?
44
Let i(d) = -72*d**2 + 5*d + 5. Calculate i(-1).
-72
Let f(g) = -57*g - 5. Calculate f(0).
-5
Let y(w) = -39*w + 133. Give y(1).
94
Let b(j) = -5*j**3 - 27*j**2 + 18*j + 22. Calculate b(-6).
22
Let c(r) = -6*r**2 + 43*r - 8. Give c(7).
-1
Let t(i) = -i**3 + 76*i**2 + 9*i - 698. Calculate t(76).
-14
Let g(b) = b**2 - 156*b + 4557. Give g(39).
-6
Let x(y) = -216*y + 19. What is x(0)?
19
Let p(v) = 3*v**3 - 22*v**2 - 2*v + 6. Calculate p(7).
-57
Let q(m) = -2*m**3 - 47*m**2 - 248*m - 6. Calculate q(-8).
-6
Let l(z) = z**3 - 45*z**2 - 207*z - 2155. Determine l(50).
-5
Let j(g) = 242*g - 1711. Give j(7).
-17
Let s(c) = 915*c + 4581. Determine s(-5).
6
Let d(i) = -i**2 + 67*i - 256. Calculate d(63).
-4
Let a(m) = 7*m**3 - 112*m**2 + 9*m - 140. Determine a(16).
4
Let u(l) = -31*l**2 - 1339*l - 219. Calculate u(-43).
39
Let b(s) = -33*s + 3210. Give b(100).
-90
Let t(l) = 19*l**2 + 50*l - 29. Determine t(-3).
-8
Let i(g) = g**3 + 20*g**2 + 9*g + 195. Give i(-20).
15
Let i(u) = -25*u + 664. Calculate i(24).
64
Let d(u) = 2*u**2 - 14*u + 69. Determine d(12).
189
Let z(w) = -w**2 + 138*w - 1015. Determine z(8).
25
Let p(s) = 13*s - 508. Calculate p(39).
-1
Let q(l) = 39*l - 313. Calculate q(8).
-1
Let u(o) = -133*o**3 - 3*o - 3. Give u(-1).
133
Let y(g) = g**3 - 22*g**2 - 89*g + 1967. Calculate y(22).
9
Let z(i) = 2*i**2 + 14*i - 10. Give z(-9).
26
Let h(r) = -4*r**2 - 523*r + 105. Give h(-131).
-26
Let v(w) = -1533*w + 13790. Determine v(9).
-7
Let m(o) = -o**3 - 6*o - 1. Determine m(0).
-1
Let x(b) = -b**3 + 2*b**2 + 9*b - 13. Determine x(-3).
5
Let g(w) = w + 87. Determine g(-83).
4
Let f(p) = -56*p + 301. What is f(4)?
77
Let r(h) = h**3 - 35*h**2 - 48*h + 307. What is r(36)?
-125
Let q(v) = 3*v**2 + 179*v - 607. What is q(-63)?
23
Let o(f) = 3*f**2 + 216*f - 215. Give o(1).
4
Let t(x) = -4*x**3 + 219*x**2 + 53*x + 100. Calculate t(55).
-10
Let y(k) = -13705*k - 27419. Calculate y(-2).
-9
Let l(q) = 705*q**2 - 4229*q - 8. Calculate l(6).
-2
Let i(z) = 2*z**2 - 2*z + 19. Determine i(7).
103
Let j(g) = -g**2 + 43*g - 304. Give j(33).
26
Let l(c) = 545*c + 3811. Calculate l(-7).
-4
Let n(t) = t**3 - 34*t**2 - 75*t + 97. Determine n(36).
-11
Let c(l) = -11*l**3 - 16*l**2 +